 + 6. Let t be h(-3). Let u(r) = 2*r - 5*r**2 + 0*r + 3 + 4*r**2. What is u(t)?
0
Suppose -18*a - g = -14*a, a - 3*g = -13. Let u(c) = -15*c**2 - c - 2. Determine u(a).
-16
Let l(g) = -g - 3. Suppose -17*h = -92 + 41. Calculate l(h).
-6
Let x(w) be the second derivative of w**7/840 - w**6/360 - w**5/30 + w**3 - 5*w. Let d(r) be the second derivative of x(r). Give d(3).
6
Let l(v) = -2*v + 8. Let h = 86 + -71. Suppose -h - 27 = -6*k. Calculate l(k).
-6
Let g(i) = -7*i + 1. Suppose -12*k + 36 = -3*k. Calculate g(k).
-27
Let d(j) = 6*j**3 + j**2. Let b be d(1). Let i(m) = 3 - 269*m + 277*m + b + m**2. What is i(-7)?
3
Let f(p) = 2*p - 5. Let g(n) = -3 - 3 + 11*n - 28*n + n**3 - 12*n**2. Let h be g(13). Let m be 7/35 - h/10. Determine f(m).
7
Let d(t) = -2*t - 3. Let n(l) = -l**3 + 9*l**2 - l + 10. Let w be n(9). Let h be ((-11)/w + -2)*-1. Let m = h + -17. Give d(m).
5
Let b(f) = 4*f - 3. Let o be b(2). Let w(l) = 17*l - 1 + l + 0 - o*l. Suppose -4*t + 3 = -3*m + 8, 5*m - 15 = 0. Give w(t).
12
Suppose -164*j + 153*j + 154 = 0. Let h(z) = z**3 - 13*z**2 - 15*z + 7. Give h(j).
-7
Let i(o) = -107*o + 1 + 92*o + 8*o + 8*o + o**2 + 11*o**3 - 2. Let m = 3 + -2. Give i(m).
12
Suppose 2*m + 4 = 14. Suppose 18 = 2*p - m*p. Let t(i) = 2*i - 1. Determine t(p).
-13
Let b(f) = -7*f + 71. Let x be b(10). Let g(v) = -14*v**2. What is g(x)?
-14
Let c(m) be the first derivative of -m**4/4 - 7*m**3/3 + 10*m - 139. Give c(-7).
10
Let x = -92 + 18. Let y be (-7)/42 - x/12. Let w(a) = -a + 11 - 8 - y. Give w(-4).
1
Let d(x) be the second derivative of x**4/6 + x**3/6 + 9*x**2/2 - 2*x + 76. Determine d(0).
9
Let c(o) = o**3 + 4*o**2 - 2*o + 3. Let l = -483 + 480. What is c(l)?
18
Let o(b) be the first derivative of -b**4/4 + 5*b**3/3 + b**2/2 - 2*b + 32. Suppose -2*u + 3*n - 1 + 2 = 0, 5*n - 25 = -2*u. Give o(u).
3
Let b(z) be the third derivative of z**5/30 + z**4/24 + z**3/6 - 15*z**2 + 5. Give b(1).
4
Let r(w) = 22*w + 10. Let v be r(14). Let b(y) = -2*y - y**2 + v - 2*y - 322. Determine b(-3).
-1
Let c(z) = z**3 - z**2 - 4. Suppose -141 = -5*d - 3*g, 0 = 4*d + 3*g - 50 - 64. Let i = d + -23. Suppose -3 = -4*h + i*x - 3*x, 12 = -4*x. Determine c(h).
-4
Let z(a) = 4*a**2 - 14*a - 35. Let t(v) = -v**2 + 6. Let h(r) = -3*t(r) - z(r). Determine h(15).
2
Suppose 9 = 3*f - 0. Let s(j) = -9 - 6*j - 3*j**2 + 5*j - f - j**3 + 4*j**2. What is s(0)?
-12
Let p(m) = m**3 - 5*m**2 - 2. Suppose -3*z = 2*k + 49 - 127, -k = z - 37. Let w be 12/9 - k/(-9). Calculate p(w).
-2
Suppose 2*j + 3*r = 4, -4*j + 0*j + 40 = -2*r. Let s(z) = -z**3 + 7*z**2 + 5*z. What is s(j)?
-24
Let d(q) = q**3 + 2*q**2 - 2*q - 2. Let j(c) = 2*c**3 + 3*c**2 - 3*c - 3. Let a be (-4 - -3)*3 - -8. Let n(f) = a*d(f) - 3*j(f). Calculate n(0).
-1
Let a(m) = -115*m + m**2 - 4*m**2 + 109*m + 4*m**2. Give a(6).
0
Let r(f) = -f**2 - 9*f - 2. Suppose 0 = -6*s + 4 - 10. Let d be (-3)/12 - (-70)/(-8) - s. What is r(d)?
6
Let a(q) = 1502 - 1502 - 4*q. What is a(4)?
-16
Let f(y) = 5*y + 11. Let n be (-4 + 1*-1)*(-542)/(-1355). What is f(n)?
1
Suppose -2*g = -4*b - 8, 2*g - 3 = b + 2. Let z(f) = 3710*f**3 + f + 3 - 1851*f**3 - 1858*f**3 - 4*f. Determine z(g).
5
Let l be -3*(-5 - 128/(-24)). Let p(n) = -n**2 + 6*n - 3. Let y be p(5). Let x(m) = -10*m**3 - m**y + 2*m**3 - 2*m + 1 - 2. Calculate x(l).
8
Let r(s) be the third derivative of 21*s**2 + 0 + 0*s + 1/6*s**3 + 1/30*s**5 + 1/120*s**6 - 1/12*s**4. What is r(-3)?
-2
Let q(t) = t**2 - t. Let m be q(-1). Let w = -1 + 3. Suppose -w*f = m*f. Let p(h) = -h + 2. What is p(f)?
2
Let n(j) = 0*j + 0*j**2 - 5*j + j**2 + 3. Suppose 5*s + 12 + 8 = 0. Let y be 22/44 - 14/s. Calculate n(y).
-1
Let j(a) = 3*a**2 + 4*a + 3. Let z(o) = 3*o**2 + 4*o + 3. Let s(i) = 4*j(i) - 5*z(i). Give s(-3).
-18
Let o(u) = -u**2 + u + 2. Let a be ((-1)/(-1) - 2) + 0. Let x = 9 - 9. Let v be 4/(-2) + a + x. Give o(v).
-10
Let g be 2*(9/2 + -3). Let u(p) = p - 2*p - g - 3 + 1. Determine u(-8).
3
Let l be (-2 - -1)*(-20 - -17). Let j(g) be the third derivative of 2/3*g**3 + 0 - 2*g**2 + 0*g - 1/8*g**4. Calculate j(l).
-5
Let c(v) = -4*v**2 + 22*v + 9. Let h(m) = m**2 - 7*m - 3. Let i(a) = -2*c(a) - 7*h(a). What is i(-6)?
9
Let r(l) = 25*l + 2. Let k(f) = -9*f - 1. Let w(g) = 11*k(g) + 4*r(g). Calculate w(2).
-1
Let y(v) = v**2 - 13*v + 19. Let w be y(11). Let d = -28 - -51. Let c(k) = 5 + 28*k + 3*k**2 - d*k + k**3 - 1. Calculate c(w).
-11
Let f = -39 + 41. Let o(s) = -4 + 7*s + 6 + 1 - 1 - s**f. What is o(7)?
2
Let f(r) = -r**3 - 9*r**2 - 8*r - 70. Let s be f(-9). Let b(w) = -2 - 4*w**2 + 3*w + 3 - 2. Determine b(s).
-11
Suppose -35 = -4*p + k, -4*p = -0*p - 4*k - 44. Let u be (-84)/(-126) + (-1)/(-3). Let y(v) = -p + 6*v - 7*v + u. Calculate y(-4).
-3
Suppose -3*u - v + 4 = -17, 3*u + 3*v = 21. Suppose 5*f - u = -2. Let l(w) be the second derivative of -w**3/3 - w**2/2 - w. Determine l(f).
-3
Let w(d) = d**3 - 6*d**2 + 7*d - 6. Suppose 849*t - 842*t = 35. Determine w(t).
4
Let q(a) be the second derivative of a**3/6 + 9*a**2/2 + 3*a - 118. Calculate q(-7).
2
Let s(p) be the third derivative of -p**6/120 + 7*p**5/60 - p**4/3 - 5*p**3/6 - 278*p**2 - 2. Give s(6).
-17
Suppose 0 = -2*i - 2, -5*i = 4*k - 0*i - 23. Let n(h) = 10*h - 25. Let r(t) = 8*t - 21. Let d(w) = 3*n(w) - 4*r(w). What is d(k)?
-5
Let v(q) = -q**2 + 3*q + 7. Suppose 0 = -2*u + 42 - 162. Let j be (-6)/4*u/18. What is v(j)?
-3
Let m(f) = f**2 + 5*f + 2. Suppose 0*s - 2*s + 4*j = 14, -2*j = -2. Let v be s/((-8)/(-4) + -1). Determine m(v).
2
Let j(m) = -m**2 + 2*m + 7. Let k be j(3). Let r = 0 + k. Let i(q) = 2 + r - 2*q**2 + q + q - 4. Calculate i(2).
-2
Let f(u) be the third derivative of u**6/120 + u**5/30 - u**4/12 + u**3/6 - 69*u**2. Let v = -1 - 2. Determine f(v).
-2
Let x(g) = -2*g + 1. Let n be (-2 - (-3 + 6/(-2))) + -9. Calculate x(n).
11
Let n(c) = 3*c**2 - 7*c - 2. Let m(y) = 7 + 4 + 4*y**2 - 7 + 15*y - 10*y**2. Let q(t) = 4*m(t) + 9*n(t). Give q(-2).
16
Let j(l) = l**3 + 4*l**2 + 2*l - 1. Let t be j(-2). Let x = -2 - t. Let s(w) = w**3 + 4*w**2 - 6*w - 6. Calculate s(x).
-1
Let n(a) be the second derivative of -1/24*a**4 + 0 + 0*a**2 - 2/3*a**3 + 1/120*a**5 + 4*a. Let d(s) be the second derivative of n(s). What is d(5)?
4
Let r(n) = -n. Suppose j - 2*a - 19 = -2, -5*a - 53 = -3*j. Suppose 4*v - j = 11. Calculate r(v).
-8
Let j(b) = b**2 - 5*b + 3. Let d(q) = -3*q**2 + 21*q + 3. Let w be d(7). Suppose 5*k + 20 = r, -4*r + 32 = -k - w*k. What is j(r)?
3
Let k = -24 + 27. Suppose -k*z + p + 40 = -3*p, 5*z - p - 61 = 0. Let q be ((-52)/12 + 4)*z. Let g(u) = -u**3 - 2*u**2 + 4*u - 2. Determine g(q).
14
Let s(y) = y + 1. Suppose -2*r + 4*r - 6 = 0. Suppose 0 = 5*z - 19 - 16. Suppose z + r = 2*m. Determine s(m).
6
Let y be -3*(-35)/45 - 2/6. Let p(z) be the third derivative of 0*z - z**y - 1/8*z**4 + 0*z**3 + 1/15*z**5 - 1/120*z**6 + 0. Give p(3).
0
Let r = -3 - -18. Suppose -8*p + r = -3*p. Let o(z) = 4*z - 50 + 17 + 18 + 18. What is o(p)?
15
Suppose -3*d = -4*y + 15, -2 = 4*d + 2. Let q = 17 - 16. Let o(z) = -13 + q + 2*z - y*z. What is o(-5)?
-7
Let j(b) = -b - 4. Suppose 2*s + x + 20 = -0*x, 0 = s + 5*x + 1. Determine j(s).
7
Let h(n) = -n + 7. Let b be 68/8 + (-3)/6. Give h(b).
-1
Let r(o) = 9 - 14 + 1 - o**2 + 13 + 3*o + 0. Calculate r(-4).
-19
Let p(a) = -12*a + 13. Let k(c) = 6*c - 7. Let j(h) = 11*k(h) + 6*p(h). Let s = 16 - 15. Determine j(s).
-5
Let c(w) = -w - 1. Let m(v) = 5*v - 9. Let q(b) = -4*c(b) - m(b). Determine q(6).
7
Let z(x) = 5*x**2 - x + 2. Let l(g) = -8*g**2 + g - 3. Let i(f) = 4*l(f) + 7*z(f). Give i(3).
20
Let c(f) = 19*f + 366. Let w be c(-19). Let s(u) be the first derivative of 7/3*u**3 + w*u + 1/4*u**4 + 3*u**2 - 4. What is s(-6)?
5
Let k(r) = -5*r + 37. Let w be k(7). Let z(s) = -s**3 + 3*s**2 - 1. Let p be z(2). Let h(u) = 2 - u - 21*u**3 + 22*u**p + 4*u + 3*u**2 + 2*u**w. What is h(-4)?
6
Let a(v) be the second derivative of -v**5/20 - v**4/2 - v**3/6 - 4*v**2 - 160*v. What is a(-6)?
-2
Let o(m) = -m + 1648 - 4*m**2 - 824 + 7*m**2 - 825. Let z(y) = y**2 + 2*y - 1. Let r be z(-2). Calculate o(r).
3
Let n(a) = 7*a**2 - 11*a - 2. Let r(l) = 4*l**2 - 5*l - 1. Let u(p) = -3*n(p) + 5*r(p). Let m = -18 - -26. What is u(m)?
1
Let y(k) = 36*k**2 - 6*k**2 - k**3 - 17*k**2 - k + 0*k**2 + 4. Determine y(13).
-